{"id":7106,"date":"2023-10-04T16:17:09","date_gmt":"2023-10-04T16:17:09","guid":{"rendered":"https:\/\/wintermarkt-schlossplatz.de\/?page_id=7106"},"modified":"2025-11-04T10:00:29","modified_gmt":"2025-11-04T10:00:29","slug":"impressum","status":"publish","type":"page","link":"https:\/\/wintermarkt-schlossplatz.de\/es\/impressum\/","title":{"rendered":"Pie de imprenta"},"content":{"rendered":"<div data-elementor-type=\"wp-page\" data-elementor-id=\"7106\" class=\"elementor elementor-7106\">\n\t\t\t\t\t\t<section class=\"elementor-section elementor-top-section elementor-element elementor-element-22919a6e pt-section-content-fullwidth pt_scroll_y_150 pt-parallax-on-scroll elementor-section-boxed elementor-section-height-default elementor-section-height-default\" data-id=\"22919a6e\" data-element_type=\"section\" data-e-type=\"section\" data-settings=\"{&quot;background_background&quot;:&quot;classic&quot;}\" data-pt-parallax-y=\"150\" style=\"background-image: none;\" data-pt-background-image=\"https:\/\/wintermarkt-schlossplatz.de\/wp-content\/uploads\/2023\/10\/wintermarkt01.webp\">\n\t\t\t\t\t\t\t<div class=\"elementor-background-overlay\"><\/div>\n\t\t\t\t\t\t\t<div class=\"elementor-container elementor-column-gap-no\">\n\t\t\t\t\t<div class=\"elementor-column elementor-col-100 elementor-top-column elementor-element elementor-element-506879d8 dark-color\" data-id=\"506879d8\" data-element_type=\"column\" data-e-type=\"column\">\n\t\t\t<div class=\"elementor-widget-wrap elementor-element-populated\">\n\t\t\t\t\t\t<div class=\"elementor-element elementor-element-78737567 elementor-widget elementor-widget-pt_title\" data-id=\"78737567\" data-element_type=\"widget\" data-e-type=\"widget\" data-widget_type=\"pt_title.default\">\n\t\t\t\t<div class=\"elementor-widget-container\">\n\t\t\t\t\t\n        <div class=\"pt-title-wrap text-center\">\t            <h1 class=\"pt-title\">\n\t                Pie de imprenta\t            <\/h1>        <\/div>\t\t\t\t<\/div>\n\t\t\t\t<\/div>\n\t\t\t\t\t<\/div>\n\t\t<\/div>\n\t\t\t\t\t<\/div>\n\t\t<\/section>\n\t\t\t\t<section class=\"elementor-section elementor-top-section elementor-element elementor-element-52fd65fb elementor-section-boxed elementor-section-height-default elementor-section-height-default elementor-invisible\" data-id=\"52fd65fb\" data-element_type=\"section\" data-e-type=\"section\" data-settings=\"{&quot;background_background&quot;:&quot;classic&quot;,&quot;animation&quot;:&quot;fadeInUp&quot;}\">\n\t\t\t\t\t\t<div class=\"elementor-container elementor-column-gap-no\">\n\t\t\t\t\t<div class=\"elementor-column elementor-col-50 elementor-top-column elementor-element elementor-element-181a9750\" data-id=\"181a9750\" data-element_type=\"column\" data-e-type=\"column\">\n\t\t\t<div class=\"elementor-widget-wrap elementor-element-populated\">\n\t\t\t\t\t\t<div class=\"elementor-element elementor-element-57676d8 elementor-widget elementor-widget-pt_title\" data-id=\"57676d8\" data-element_type=\"widget\" data-e-type=\"widget\" data-widget_type=\"pt_title.default\">\n\t\t\t\t<div class=\"elementor-widget-container\">\n\t\t\t\t\t\n        <div class=\"pt-title-wrap text-left-mobile text-center-tablet\">\t            <h6 class=\"pt-title\">\n\t                Operador del sitio web\t            <\/h6>\t            <div class=\"pt-title-text\">\n\t                <p><b>Informaci\u00f3n seg\u00fan \u00a7 5 TMG y \u00a7 55 ABS. 2 RSTV (\u201eObligaci\u00f3n de pie de imprenta\u201c)<\/b><br \/>\u00a0Nombre y direcci\u00f3n del operador del sitio web:<br \/>Espect\u00e1culo de Wollenschlaeger GmbH<br \/>Thilo-Harry Wollenschlaeger<br \/>Paseo del lago 96<br \/>14612 Falkensee<\/p><p><b>Canales de contacto del operador del sitio web<\/b><\/p><ul><li>Tel\u00e9fono: +49 (0)3322 42 882 45<\/li><li>Fax: +49 (0)3322 42 341 39<\/li><li>M\u00f3vil: +49 (0)163 4000 500<\/li><li>Correo electr\u00f3nico: info(at)wollenschlaeger-berlin.de<\/li><li>Web: www.wintermarkt-schlossplatz.de<\/li><li>Puesto: Seepromenade 96 -<br \/>14612 Falkensee<\/li><\/ul>\t            <\/div>        <\/div>\t\t\t\t<\/div>\n\t\t\t\t<\/div>\n\t\t\t\t\t<\/div>\n\t\t<\/div>\n\t\t\t\t<div class=\"elementor-column elementor-col-50 elementor-top-column elementor-element elementor-element-8561d51\" data-id=\"8561d51\" data-element_type=\"column\" data-e-type=\"column\">\n\t\t\t<div class=\"elementor-widget-wrap elementor-element-populated\">\n\t\t\t\t\t\t<div class=\"elementor-element elementor-element-8423eaa elementor-widget elementor-widget-pt_title\" data-id=\"8423eaa\" data-element_type=\"widget\" data-e-type=\"widget\" data-widget_type=\"pt_title.default\">\n\t\t\t\t<div class=\"elementor-widget-container\">\n\t\t\t\t\t\n        <div class=\"pt-title-wrap text-left-mobile text-center-tablet\">\t            <h6 class=\"pt-title\">\n\t                Para m\u00e1s informaci\u00f3n\t            <\/h6>\t            <div class=\"pt-title-text\">\n\t                <ul><li><strong>N\u00ba de impuesto<\/strong> 053\/187\/01093<\/li><li><strong>Registro mercantil:<\/strong> HRB 6134 Neuruppin<\/li><\/ul><p><strong>Informaci\u00f3n de conformidad con el Reglamento n.\u00ba 524\/2013 de la UE sobre \u201eResoluci\u00f3n de litigios en l\u00ednea en materia de consumo\u201c y de conformidad con el art\u00edculo 36 de la Ley de resoluci\u00f3n de litigios en materia de consumo (VSBG):<br \/><\/strong>La Comisi\u00f3n Europea ofrece una plataforma para la resoluci\u00f3n de litigios en l\u00ednea (OS):\u00a0<u><a href=\"http:\/\/ec.europa.eu\/consumers\/odr\">http:\/\/ec.europa.eu\/consumers\/odr<\/a><br \/><\/u>Somos\u00a0<u>no<\/u>\u00a0No estamos dispuestos ni obligados a participar en un procedimiento de resoluci\u00f3n de litigios ante una junta arbitral de consumo.<\/p><p>Responsable del contenido seg\u00fan \u00a755 Abs. 2 RStV<br \/>El operador del sitio web mencionado a la izquierda tambi\u00e9n es responsable de todo el contenido del sitio web de conformidad con el art\u00edculo 55, apartado 2 del RStV y es considerado el responsable de la protecci\u00f3n de datos de conformidad con el art\u00edculo 37 de la EU-DSGVO.<\/p><p><strong>Agencia de apoyo:<\/strong> <a href=\"https:\/\/reich-eventservice.de\" target=\"_blank\" rel=\"noopener\">Reich Eventservice<\/a><br \/><strong>P\u00e1gina web de producci\u00f3n:<\/strong> <a href=\"https:\/\/steinalt.com\" target=\"_blank\" rel=\"noopener\">STEINALT Media<\/a><\/p>\t            <\/div>        <\/div>\t\t\t\t<\/div>\n\t\t\t\t<\/div>\n\t\t\t\t\t<\/div>\n\t\t<\/div>\n\t\t\t\t\t<\/div>\n\t\t<\/section>\n\t\t\t\t<section class=\"elementor-section elementor-top-section elementor-element elementor-element-bea9968 elementor-section-boxed elementor-section-height-default elementor-section-height-default\" data-id=\"bea9968\" data-element_type=\"section\" data-e-type=\"section\">\n\t\t\t\t\t\t<div class=\"elementor-container elementor-column-gap-default\">\n\t\t\t\t\t<div class=\"elementor-column elementor-col-100 elementor-top-column elementor-element elementor-element-e546a48 elementor-invisible\" data-id=\"e546a48\" data-element_type=\"column\" data-e-type=\"column\" data-settings=\"{&quot;animation&quot;:&quot;fadeInUp&quot;,&quot;animation_delay&quot;:200}\">\n\t\t\t<div class=\"elementor-widget-wrap elementor-element-populated\">\n\t\t\t\t\t\t<div class=\"elementor-element elementor-element-4c8e81b elementor-widget elementor-widget-text-editor\" data-id=\"4c8e81b\" data-element_type=\"widget\" data-e-type=\"widget\" data-widget_type=\"text-editor.default\">\n\t\t\t\t<div class=\"elementor-widget-container\">\n\t\t\t\t\t\t\t\t\t<p><strong>Cr\u00e9ditos de las im\u00e1genes<\/strong><br \/>122796459, 175335886 @ JackF \/ 123069737, 126747902, 230097514 @ famveldman \/ 125077923 @ NikonSteff \/ 129019174 @ pixarno<br \/>129263694 @ Ekaterina Pokrovsky \/ 637006779 @ Keitma \/ 629612656 @ Maria Aloisi \/ 599468242, 596165471, 504944988 @ elxeneize<br \/>620718152 @ VisualProduction \/ 476207852 @ NDABCREATIVITY \/ 397800521 @ Edi \/ 388270498 @ Michele Ursi \/ 355482824 @ Travelphotos \/ 306540008 @ sunakri \/ 304132828 @ Dmitry Naumov<br \/>239989420 @ danieleorsi \/ 238454747 @ Roman Babakin \/ 233527209 @ krugli \/ 210866617 @ tiana__lima__ \/ 187254591 @ fcerez \/ 632098744 @ Irina Schmidt<br \/>todas las fotos son de adobe stock<\/p><p><strong>Responsabilidad de los enlaces<\/strong><br \/>Nuestro sitio web contiene enlaces a sitios web externos de terceros sobre cuyo contenido no tenemos ninguna influencia. Por lo tanto, no podemos aceptar ninguna responsabilidad por este contenido de terceros. El respectivo proveedor u operador de las p\u00e1ginas es siempre responsable del contenido de las p\u00e1ginas enlazadas. Las p\u00e1ginas enlazadas fueron revisadas en el momento de enlazarlas para detectar posibles infracciones legales. En el momento de establecer el enlace no se detectaron contenidos ilegales. Sin embargo, no es razonable un control permanente de los contenidos de las p\u00e1ginas enlazadas sin pruebas concretas de una infracci\u00f3n. Si tenemos conocimiento de alguna infracci\u00f3n legal, eliminaremos dichos enlaces inmediatamente.<br \/><br \/><strong>Responsabilidad por los contenidos<\/strong><br \/>Como proveedor de servicios, somos responsables de nuestros propios contenidos en estas p\u00e1ginas de conformidad con el art\u00edculo 7 (1) de la TMG (Ley alemana de medios de telecomunicaci\u00f3n) y la legislaci\u00f3n general. Sin embargo, seg\u00fan los \u00a7\u00a7 8 a 10 de la TMG, como proveedor de servicios no estamos obligados a controlar la informaci\u00f3n ajena transmitida o almacenada ni a investigar circunstancias que indiquen una actividad ilegal. Esto no afecta a las obligaciones de eliminar o bloquear el uso de informaci\u00f3n de conformidad con la legislaci\u00f3n general. Sin embargo, la responsabilidad a este respecto s\u00f3lo es posible a partir del momento en que se tiene conocimiento de una infracci\u00f3n concreta. En cuanto tengamos conocimiento de tales infracciones, eliminaremos inmediatamente estos contenidos.<br \/><br \/><strong>Copyright<\/strong><br \/>Los contenidos y obras creados por los operadores de estas p\u00e1ginas est\u00e1n sujetos a la legislaci\u00f3n alemana sobre derechos de autor. La reproducci\u00f3n, el procesamiento, la distribuci\u00f3n y cualquier tipo de utilizaci\u00f3n fuera de los l\u00edmites de la ley de derechos de autor requieren el consentimiento por escrito del respectivo autor o creador. Las descargas y copias de este sitio s\u00f3lo est\u00e1n permitidas para uso privado y no comercial. En la medida en que el contenido de este sitio no haya sido creado por el operador, se respetan los derechos de autor de terceros. En particular, los contenidos de terceros est\u00e1n etiquetados como tales. No obstante, si tiene conocimiento de una infracci\u00f3n de los derechos de autor, le rogamos que nos lo comunique. Si tenemos conocimiento de alguna infracci\u00f3n, eliminaremos inmediatamente dicho contenido.<br \/><br \/><br \/><strong>Fuente:<\/strong>\u00a0<a href=\"https:\/\/www.e-recht24.de\/impressum-generator.html\" target=\"_blank\" rel=\"noopener noreferrer\">https:\/\/www.e-recht24.de\/impressum-generator.html<\/a><\/p>\t\t\t\t\t\t\t\t<\/div>\n\t\t\t\t<\/div>\n\t\t\t\t\t<\/div>\n\t\t<\/div>\n\t\t\t\t\t<\/div>\n\t\t<\/section>\n\t\t\t\t<\/div>","protected":false},"excerpt":{"rendered":"<p>Impressum Webseiten Betreiber Angaben gem\u00e4\u00df \u00a7 5 TMG und \u00a7 55 ABS. 2 RSTV (\u201eImpressumspflicht\u201c)\u00a0Name und Adresse des Webseiten-Betreibers:Schaustellerbetrieb Wollenschlaeger GmbHThilo-Harry WollenschlaegerSeepromenade 9614612 Falkensee Kontaktkan\u00e4le des Webseiten-Betreibers Telefon: +49 (0)3322 42 882 45 Fax: +49 (0)3322 42 341 39 Mobil: +49 (0)163 4000 500 E-Mail: info(at)wollenschlaeger-berlin.de Web: www.wintermarkt-schlossplatz.de Post: Seepromenade 96 \u202214612 Falkensee Weitere Angaben &#8230;<\/p>","protected":false},"author":1,"featured_media":0,"parent":0,"menu_order":0,"comment_status":"closed","ping_status":"closed","template":"template-wide-content.php","meta":{"patiotime_single_page_hide_site_header":"","patiotime_single_page_site_header_source":"","patiotime_single_page_custom_site_header":"0","patiotime_single_page_custom_sticky_site_header":"0","patiotime_single_page_custom_page_title_margin_top_source":"","patiotime_single_page_custom_page_title_desktop_margin_top":"","patiotime_single_page_custom_page_title_tablet_margin_top":"","patiotime_single_page_custom_page_title_mobile_margin_top":"","patiotime_single_page_hide_page_title":"on","patiotime_single_page_header_section_size":"","patiotime_single_page_header_background_color":"","patiotime_single_page_header_background_position_x":"center","patiotime_single_page_header_background_position_y":"center","patiotime_single_page_header_background_size":"cover","patiotime_single_page_header_background_repeat":"off","patiotime_single_page_header_background_scroll":"on","patiotime_single_page_header_text_color":"","patiotime_single_page_header_show_breadcrumb":"","patiotime_single_page_site_footer_hide_main":"","patiotime_single_custom_site_footer_main_source":"","patiotime_single_custom_site_footer_main":"0","patiotime_single_page_site_footer_hide_above":"on","patiotime_single_custom_site_footer_above_source":"","patiotime_single_custom_site_footer_above":"0","patiotime_single_page_site_footer_hide_instagram":"","patiotime_single_page_site_footer_hide_bottom":"","patiotime_single_custom_mobile_menu_source":"","patiotime_single_custom_mobile_menu":"0","patiotime_single_custom_mobile_menu_animation":"","patiotime_single_custom_mobile_menu_width":"","patiotime_single_custom_mobile_menu_custom_width":375,"footnotes":""},"class_list":["post-7106","page","type-page","status-publish","hentry"],"_links":{"self":[{"href":"https:\/\/wintermarkt-schlossplatz.de\/es\/wp-json\/wp\/v2\/pages\/7106","targetHints":{"allow":["GET"]}}],"collection":[{"href":"https:\/\/wintermarkt-schlossplatz.de\/es\/wp-json\/wp\/v2\/pages"}],"about":[{"href":"https:\/\/wintermarkt-schlossplatz.de\/es\/wp-json\/wp\/v2\/types\/page"}],"author":[{"embeddable":true,"href":"https:\/\/wintermarkt-schlossplatz.de\/es\/wp-json\/wp\/v2\/users\/1"}],"replies":[{"embeddable":true,"href":"https:\/\/wintermarkt-schlossplatz.de\/es\/wp-json\/wp\/v2\/comments?post=7106"}],"version-history":[{"count":0,"href":"https:\/\/wintermarkt-schlossplatz.de\/es\/wp-json\/wp\/v2\/pages\/7106\/revisions"}],"wp:attachment":[{"href":"https:\/\/wintermarkt-schlossplatz.de\/es\/wp-json\/wp\/v2\/media?parent=7106"}],"curies":[{"name":"wp","href":"https:\/\/api.w.org\/{rel}","templated":true}]}}

<div data-elementor-type="wp-page" data-elementor-id="7106" class="elementor elementor-7106">
						<section class="elementor-section elementor-top-section elementor-element elementor-element-22919a6e pt-section-content-fullwidth pt_scroll_y_150 pt-parallax-on-scroll elementor-section-boxed elementor-section-height-default elementor-section-height-default" data-id="22919a6e" data-element_type="section" data-e-type="section" data-settings="{&quot;background_background&quot;:&quot;classic&quot;}" data-pt-parallax-y="150" style="background-image: none;" data-pt-background-image="https://wintermarkt-schlossplatz.de/wp-content/uploads/2023/10/wintermarkt01.webp">
							<div class="elementor-background-overlay"></div>
							<div class="elementor-container elementor-column-gap-no">
					<div class="elementor-column elementor-col-100 elementor-top-column elementor-element elementor-element-506879d8 dark-color" data-id="506879d8" data-element_type="column" data-e-type="column">
			<div class="elementor-widget-wrap elementor-element-populated">
						<div class="elementor-element elementor-element-78737567 elementor-widget elementor-widget-pt_title" data-id="78737567" data-element_type="widget" data-e-type="widget" data-widget_type="pt_title.default">
				<div class="elementor-widget-container">
					
        <div class="pt-title-wrap text-center">	            <h1 class="pt-title">
	                Pie de imprenta	            </h1>        </div>				</div>
				</div>
					</div>
		</div>
					</div>
		</section>
				<section class="elementor-section elementor-top-section elementor-element elementor-element-52fd65fb elementor-section-boxed elementor-section-height-default elementor-section-height-default elementor-invisible" data-id="52fd65fb" data-element_type="section" data-e-type="section" data-settings="{&quot;background_background&quot;:&quot;classic&quot;,&quot;animation&quot;:&quot;fadeInUp&quot;}">
						<div class="elementor-container elementor-column-gap-no">
					<div class="elementor-column elementor-col-50 elementor-top-column elementor-element elementor-element-181a9750" data-id="181a9750" data-element_type="column" data-e-type="column">
			<div class="elementor-widget-wrap elementor-element-populated">
						<div class="elementor-element elementor-element-57676d8 elementor-widget elementor-widget-pt_title" data-id="57676d8" data-element_type="widget" data-e-type="widget" data-widget_type="pt_title.default">
				<div class="elementor-widget-container">
					
        <div class="pt-title-wrap text-left-mobile text-center-tablet">	            <h6 class="pt-title">
	                Operador del sitio web	            </h6>	            <div class="pt-title-text">
	                <p><b>Información según § 5 TMG y § 55 ABS. 2 RSTV („Obligación de pie de imprenta“)</b><br /> Nombre y dirección del operador del sitio web:<br />Espectáculo de Wollenschlaeger GmbH<br />Thilo-Harry Wollenschlaeger<br />Paseo del lago 96<br />14612 Falkensee</p><p><b>Canales de contacto del operador del sitio web</b></p><ul><li>Teléfono: +49 (0)3322 42 882 45</li><li>Fax: +49 (0)3322 42 341 39</li><li>Móvil: +49 (0)163 4000 500</li><li>Correo electrónico: info(at)wollenschlaeger-berlin.de</li><li>Web: www.wintermarkt-schlossplatz.de</li><li>Puesto: Seepromenade 96 -<br />14612 Falkensee</li></ul>	            </div>        </div>				</div>
				</div>
					</div>
		</div>
				<div class="elementor-column elementor-col-50 elementor-top-column elementor-element elementor-element-8561d51" data-id="8561d51" data-element_type="column" data-e-type="column">
			<div class="elementor-widget-wrap elementor-element-populated">
						<div class="elementor-element elementor-element-8423eaa elementor-widget elementor-widget-pt_title" data-id="8423eaa" data-element_type="widget" data-e-type="widget" data-widget_type="pt_title.default">
				<div class="elementor-widget-container">
					
        <div class="pt-title-wrap text-left-mobile text-center-tablet">	            <h6 class="pt-title">
	                Para más información	            </h6>	            <div class="pt-title-text">
	                <ul><li><strong>Nº de impuesto</strong> 053/187/01093</li><li><strong>Registro mercantil:</strong> HRB 6134 Neuruppin</li></ul><p><strong>Información de conformidad con el Reglamento n.º 524/2013 de la UE sobre „Resolución de litigios en línea en materia de consumo“ y de conformidad con el artículo 36 de la Ley de resolución de litigios en materia de consumo (VSBG):<br /></strong>La Comisión Europea ofrece una plataforma para la resolución de litigios en línea (OS): <u><a href="http://ec.europa.eu/consumers/odr">http://ec.europa.eu/consumers/odr</a><br /></u>Somos <u>no</u> No estamos dispuestos ni obligados a participar en un procedimiento de resolución de litigios ante una junta arbitral de consumo.</p><p>Responsable del contenido según §55 Abs. 2 RStV<br />El operador del sitio web mencionado a la izquierda también es responsable de todo el contenido del sitio web de conformidad con el artículo 55, apartado 2 del RStV y es considerado el responsable de la protección de datos de conformidad con el artículo 37 de la EU-DSGVO.</p><p><strong>Agencia de apoyo:</strong> <a href="https://reich-eventservice.de" target="_blank" rel="noopener">Reich Eventservice</a><br /><strong>Página web de producción:</strong> <a href="https://steinalt.com" target="_blank" rel="noopener">STEINALT Media</a></p>	            </div>        </div>				</div>
				</div>
					</div>
		</div>
					</div>
		</section>
				<section class="elementor-section elementor-top-section elementor-element elementor-element-bea9968 elementor-section-boxed elementor-section-height-default elementor-section-height-default" data-id="bea9968" data-element_type="section" data-e-type="section">
						<div class="elementor-container elementor-column-gap-default">
					<div class="elementor-column elementor-col-100 elementor-top-column elementor-element elementor-element-e546a48 elementor-invisible" data-id="e546a48" data-element_type="column" data-e-type="column" data-settings="{&quot;animation&quot;:&quot;fadeInUp&quot;,&quot;animation_delay&quot;:200}">
			<div class="elementor-widget-wrap elementor-element-populated">
						<div class="elementor-element elementor-element-4c8e81b elementor-widget elementor-widget-text-editor" data-id="4c8e81b" data-element_type="widget" data-e-type="widget" data-widget_type="text-editor.default">
				<div class="elementor-widget-container">
									<p><strong>Créditos de las imágenes</strong><br />122796459, 175335886 @ JackF / 123069737, 126747902, 230097514 @ famveldman / 125077923 @ NikonSteff / 129019174 @ pixarno<br />129263694 @ Ekaterina Pokrovsky / 637006779 @ Keitma / 629612656 @ Maria Aloisi / 599468242, 596165471, 504944988 @ elxeneize<br />620718152 @ VisualProduction / 476207852 @ NDABCREATIVITY / 397800521 @ Edi / 388270498 @ Michele Ursi / 355482824 @ Travelphotos / 306540008 @ sunakri / 304132828 @ Dmitry Naumov<br />239989420 @ danieleorsi / 238454747 @ Roman Babakin / 233527209 @ krugli / 210866617 @ tiana__lima__ / 187254591 @ fcerez / 632098744 @ Irina Schmidt<br />todas las fotos son de adobe stock</p><p><strong>Responsabilidad de los enlaces</strong><br />Nuestro sitio web contiene enlaces a sitios web externos de terceros sobre cuyo contenido no tenemos ninguna influencia. Por lo tanto, no podemos aceptar ninguna responsabilidad por este contenido de terceros. El respectivo proveedor u operador de las páginas es siempre responsable del contenido de las páginas enlazadas. Las páginas enlazadas fueron revisadas en el momento de enlazarlas para detectar posibles infracciones legales. En el momento de establecer el enlace no se detectaron contenidos ilegales. Sin embargo, no es razonable un control permanente de los contenidos de las páginas enlazadas sin pruebas concretas de una infracción. Si tenemos conocimiento de alguna infracción legal, eliminaremos dichos enlaces inmediatamente.<br /><br /><strong>Responsabilidad por los contenidos</strong><br />Como proveedor de servicios, somos responsables de nuestros propios contenidos en estas páginas de conformidad con el artículo 7 (1) de la TMG (Ley alemana de medios de telecomunicación) y la legislación general. Sin embargo, según los §§ 8 a 10 de la TMG, como proveedor de servicios no estamos obligados a controlar la información ajena transmitida o almacenada ni a investigar circunstancias que indiquen una actividad ilegal. Esto no afecta a las obligaciones de eliminar o bloquear el uso de información de conformidad con la legislación general. Sin embargo, la responsabilidad a este respecto sólo es posible a partir del momento en que se tiene conocimiento de una infracción concreta. En cuanto tengamos conocimiento de tales infracciones, eliminaremos inmediatamente estos contenidos.<br /><br /><strong>Copyright</strong><br />Los contenidos y obras creados por los operadores de estas páginas están sujetos a la legislación alemana sobre derechos de autor. La reproducción, el procesamiento, la distribución y cualquier tipo de utilización fuera de los límites de la ley de derechos de autor requieren el consentimiento por escrito del respectivo autor o creador. Las descargas y copias de este sitio sólo están permitidas para uso privado y no comercial. En la medida en que el contenido de este sitio no haya sido creado por el operador, se respetan los derechos de autor de terceros. En particular, los contenidos de terceros están etiquetados como tales. No obstante, si tiene conocimiento de una infracción de los derechos de autor, le rogamos que nos lo comunique. Si tenemos conocimiento de alguna infracción, eliminaremos inmediatamente dicho contenido.<br /><br /><br /><strong>Fuente:</strong> <a href="https://www.e-recht24.de/impressum-generator.html" target="_blank" rel="noopener noreferrer">https://www.e-recht24.de/impressum-generator.html</a></p>								</div>
				</div>
					</div>
		</div>
					</div>
		</section>
				</div>

<p>Impressum Webseiten Betreiber Angaben gemäß § 5 TMG und § 55 ABS. 2 RSTV („Impressumspflicht“) Name und Adresse des Webseiten-Betreibers:Schaustellerbetrieb Wollenschlaeger GmbHThilo-Harry WollenschlaegerSeepromenade 9614612 Falkensee Kontaktkanäle des Webseiten-Betreibers Telefon: +49 (0)3322 42 882 45 Fax: +49 (0)3322 42 341 39 Mobil: +49 (0)163 4000 500 E-Mail: info(at)wollenschlaeger-berlin.de Web: www.wintermarkt-schlossplatz.de Post: Seepromenade 96 •14612 Falkensee Weitere Angaben &#8230;</p>
