{"id":7106,"date":"2023-10-04T16:17:09","date_gmt":"2023-10-04T16:17:09","guid":{"rendered":"https:\/\/wintermarkt-schlossplatz.de\/?page_id=7106"},"modified":"2025-11-04T10:00:29","modified_gmt":"2025-11-04T10:00:29","slug":"impressum","status":"publish","type":"page","link":"https:\/\/wintermarkt-schlossplatz.de\/fr\/impressum\/","title":{"rendered":"Mentions l\u00e9gales"},"content":{"rendered":"<div data-elementor-type=\"wp-page\" data-elementor-id=\"7106\" class=\"elementor elementor-7106\">\n\t\t\t\t\t\t<section class=\"elementor-section elementor-top-section elementor-element elementor-element-22919a6e pt-section-content-fullwidth pt_scroll_y_150 pt-parallax-on-scroll elementor-section-boxed elementor-section-height-default elementor-section-height-default\" data-id=\"22919a6e\" data-element_type=\"section\" data-e-type=\"section\" data-settings=\"{&quot;background_background&quot;:&quot;classic&quot;}\" data-pt-parallax-y=\"150\" style=\"background-image: none;\" data-pt-background-image=\"https:\/\/wintermarkt-schlossplatz.de\/wp-content\/uploads\/2023\/10\/wintermarkt01.webp\">\n\t\t\t\t\t\t\t<div class=\"elementor-background-overlay\"><\/div>\n\t\t\t\t\t\t\t<div class=\"elementor-container elementor-column-gap-no\">\n\t\t\t\t\t<div class=\"elementor-column elementor-col-100 elementor-top-column elementor-element elementor-element-506879d8 dark-color\" data-id=\"506879d8\" data-element_type=\"column\" data-e-type=\"column\">\n\t\t\t<div class=\"elementor-widget-wrap elementor-element-populated\">\n\t\t\t\t\t\t<div class=\"elementor-element elementor-element-78737567 elementor-widget elementor-widget-pt_title\" data-id=\"78737567\" data-element_type=\"widget\" data-e-type=\"widget\" data-widget_type=\"pt_title.default\">\n\t\t\t\t<div class=\"elementor-widget-container\">\n\t\t\t\t\t\n        <div class=\"pt-title-wrap text-center\">\t            <h1 class=\"pt-title\">\n\t                Mentions l\u00e9gales\t            <\/h1>        <\/div>\t\t\t\t<\/div>\n\t\t\t\t<\/div>\n\t\t\t\t\t<\/div>\n\t\t<\/div>\n\t\t\t\t\t<\/div>\n\t\t<\/section>\n\t\t\t\t<section class=\"elementor-section elementor-top-section elementor-element elementor-element-52fd65fb elementor-section-boxed elementor-section-height-default elementor-section-height-default elementor-invisible\" data-id=\"52fd65fb\" data-element_type=\"section\" data-e-type=\"section\" data-settings=\"{&quot;background_background&quot;:&quot;classic&quot;,&quot;animation&quot;:&quot;fadeInUp&quot;}\">\n\t\t\t\t\t\t<div class=\"elementor-container elementor-column-gap-no\">\n\t\t\t\t\t<div class=\"elementor-column elementor-col-50 elementor-top-column elementor-element elementor-element-181a9750\" data-id=\"181a9750\" data-element_type=\"column\" data-e-type=\"column\">\n\t\t\t<div class=\"elementor-widget-wrap elementor-element-populated\">\n\t\t\t\t\t\t<div class=\"elementor-element elementor-element-57676d8 elementor-widget elementor-widget-pt_title\" data-id=\"57676d8\" data-element_type=\"widget\" data-e-type=\"widget\" data-widget_type=\"pt_title.default\">\n\t\t\t\t<div class=\"elementor-widget-container\">\n\t\t\t\t\t\n        <div class=\"pt-title-wrap text-left-mobile text-center-tablet\">\t            <h6 class=\"pt-title\">\n\t                Op\u00e9rateurs de sites web\t            <\/h6>\t            <div class=\"pt-title-text\">\n\t                <p><b>Informations selon \u00a7 5 TMG et \u00a7 55 ABS. 2 RSTV (\u201eobligation de mentions l\u00e9gales\u201c)<\/b><br \/>\u00a0Nom et adresse de l'exploitant du site web :<br \/>Entreprise foraine Wollenschlaeger GmbH<br \/>Thilo-Harry Wollenschlaeger<br \/>Promenade du lac 96<br \/>14612 Falkensee<\/p><p><b>Canaux de contact du propri\u00e9taire du site web<\/b><\/p><ul><li>T\u00e9l\u00e9phone : +49 (0)3322 42 882 45<\/li><li>T\u00e9l\u00e9copieur : +49 (0)3322 42 341 39<\/li><li>Mobile : +49 (0)163 4000 500<\/li><li>E-mail : info(at)wollenschlaeger-berlin.de<\/li><li>Web : www.wintermarkt-schlossplatz.de<\/li><li>Poste : Seepromenade 96 -<br \/>14612 Falkensee<\/li><\/ul>\t            <\/div>        <\/div>\t\t\t\t<\/div>\n\t\t\t\t<\/div>\n\t\t\t\t\t<\/div>\n\t\t<\/div>\n\t\t\t\t<div class=\"elementor-column elementor-col-50 elementor-top-column elementor-element elementor-element-8561d51\" data-id=\"8561d51\" data-element_type=\"column\" data-e-type=\"column\">\n\t\t\t<div class=\"elementor-widget-wrap elementor-element-populated\">\n\t\t\t\t\t\t<div class=\"elementor-element elementor-element-8423eaa elementor-widget elementor-widget-pt_title\" data-id=\"8423eaa\" data-element_type=\"widget\" data-e-type=\"widget\" data-widget_type=\"pt_title.default\">\n\t\t\t\t<div class=\"elementor-widget-container\">\n\t\t\t\t\t\n        <div class=\"pt-title-wrap text-left-mobile text-center-tablet\">\t            <h6 class=\"pt-title\">\n\t                Plus de d\u00e9tails\t            <\/h6>\t            <div class=\"pt-title-text\">\n\t                <ul><li><strong>N\u00b0 de TVA<\/strong> 053\/187\/01093<\/li><li><strong>Registre du commerce :<\/strong> HRB 6134 Neuruppin<\/li><\/ul><p><strong>Informations conform\u00e9ment au r\u00e8glement de l'UE n\u00b0 524\/2013 relatif au \u201er\u00e8glement en ligne des litiges de consommation\u201c, et conform\u00e9ment au \u00a7 36 de la loi allemande sur le r\u00e8glement des litiges de consommation (VSBG) :<br \/><\/strong>La Commission europ\u00e9enne met \u00e0 disposition une plateforme de r\u00e8glement en ligne des litiges (RLL) :\u00a0<u><a href=\"http:\/\/ec.europa.eu\/consumers\/odr\">http:\/\/ec.europa.eu\/consumers\/odr<\/a><br \/><\/u>Nous sommes\u00a0<u>pas<\/u>\u00a0n'est pas pr\u00eat ou oblig\u00e9 de participer \u00e0 une proc\u00e9dure de r\u00e8glement des litiges devant un organisme de conciliation des consommateurs.<\/p><p>Responsable du contenu selon \u00a755 Abs. 2 RStV<br \/>L'exploitant du site web mentionn\u00e9 \u00e0 gauche est \u00e9galement responsable de tous les contenus du site web conform\u00e9ment au \u00a7 55, alin\u00e9a 2 RStV et est consid\u00e9r\u00e9 comme responsable de la protection des donn\u00e9es conform\u00e9ment \u00e0 l'art.37 - EU-DSGVO.<\/p><p><strong>Agence de tutelle :<\/strong> <a href=\"https:\/\/reich-eventservice.de\" target=\"_blank\" rel=\"noopener\">Reich Eventservice<\/a><br \/><strong>Site de production :<\/strong> <a href=\"https:\/\/steinalt.com\" target=\"_blank\" rel=\"noopener\">STEINALT Media<\/a><\/p>\t            <\/div>        <\/div>\t\t\t\t<\/div>\n\t\t\t\t<\/div>\n\t\t\t\t\t<\/div>\n\t\t<\/div>\n\t\t\t\t\t<\/div>\n\t\t<\/section>\n\t\t\t\t<section class=\"elementor-section elementor-top-section elementor-element elementor-element-bea9968 elementor-section-boxed elementor-section-height-default elementor-section-height-default\" data-id=\"bea9968\" data-element_type=\"section\" data-e-type=\"section\">\n\t\t\t\t\t\t<div class=\"elementor-container elementor-column-gap-default\">\n\t\t\t\t\t<div class=\"elementor-column elementor-col-100 elementor-top-column elementor-element elementor-element-e546a48 elementor-invisible\" data-id=\"e546a48\" data-element_type=\"column\" data-e-type=\"column\" data-settings=\"{&quot;animation&quot;:&quot;fadeInUp&quot;,&quot;animation_delay&quot;:200}\">\n\t\t\t<div class=\"elementor-widget-wrap elementor-element-populated\">\n\t\t\t\t\t\t<div class=\"elementor-element elementor-element-4c8e81b elementor-widget elementor-widget-text-editor\" data-id=\"4c8e81b\" data-element_type=\"widget\" data-e-type=\"widget\" data-widget_type=\"text-editor.default\">\n\t\t\t\t<div class=\"elementor-widget-container\">\n\t\t\t\t\t\t\t\t\t<p><strong>Cr\u00e9dit photo<\/strong><br \/>122796459, 175335886 @ JackF \/ 123069737, 126747902, 230097514 @ famveldman \/ 125077923 @ NikonSteff \/ 129019174 @ pixarno<br \/>129263694 @ Ekaterina Pokrovsky \/ 637006779 @ Keitma \/ 629612656 @ Maria Aloisi \/ 599468242, 596165471, 504944988 @ elxeneize<br \/>620718152 @ VisualProduction \/ 476207852 @ NDABCREATIVITY \/ 397800521 @ Edi \/ 388270498 @ Michele Ursi \/ 355482824 @ Travelphotos \/ 306540008 @ sunakri \/ 304132828 @ Dmitry Naumov<br \/>239989420 @ danieleorsi \/ 238454747 @ Roman Babakin \/ 233527209 @ krugli \/ 210866617 @ tiana__lima__ \/ 187254591 @ fcerez \/ 632098744 @ Irina Schmidt<br \/>all photos by adobe stock<\/p><p><strong>Responsabilit\u00e9 pour les liens<\/strong><br \/>Notre offre contient des liens vers des sites web externes de tiers, sur le contenu desquels nous n'avons aucune influence. C'est pourquoi nous ne pouvons pas non plus nous porter garants de ces contenus externes. Le fournisseur ou l'exploitant des pages li\u00e9es est toujours responsable des contenus de ces pages. Les pages li\u00e9es ont \u00e9t\u00e9 contr\u00f4l\u00e9es au moment de la cr\u00e9ation du lien afin de v\u00e9rifier qu'elles ne pr\u00e9sentaient pas d'infraction \u00e0 la loi. Aucun contenu ill\u00e9gal n'a \u00e9t\u00e9 identifi\u00e9 au moment de la cr\u00e9ation du lien. Un contr\u00f4le permanent du contenu des pages li\u00e9es n'est toutefois pas exigible sans indices concrets d'une violation de la loi. Si nous prenons connaissance d'une violation de la loi, nous supprimerons imm\u00e9diatement les liens concern\u00e9s.<br \/><br \/><strong>Responsabilit\u00e9 du contenu<\/strong><br \/>En tant que prestataire de services, nous sommes responsables, conform\u00e9ment au \u00a7 7 alin\u00e9a 1 de la loi allemande sur les t\u00e9l\u00e9m\u00e9dias (TMG), de nos propres contenus sur ces pages selon les lois g\u00e9n\u00e9rales. Selon les \u00a7\u00a7 8 \u00e0 10 de la TMG, nous ne sommes toutefois pas tenus, en tant que prestataire de services, de surveiller les informations externes transmises ou enregistr\u00e9es ou de rechercher les circonstances qui indiquent une activit\u00e9 ill\u00e9gale. Les obligations de supprimer ou de bloquer l'utilisation d'informations conform\u00e9ment aux lois g\u00e9n\u00e9rales ne sont pas affect\u00e9es par cette disposition. Une responsabilit\u00e9 \u00e0 cet \u00e9gard n'est toutefois possible qu'\u00e0 partir du moment o\u00f9 une violation concr\u00e8te de la loi est connue. D\u00e8s la prise de connaissance d'une telle violation, nous supprimerons imm\u00e9diatement les contenus concern\u00e9s.<br \/><br \/><strong>Droit d'auteur<\/strong><br \/>Les contenus et \u0153uvres cr\u00e9\u00e9s par les exploitants de ces pages sont soumis au droit d'auteur allemand. La reproduction, le traitement, la diffusion et toute forme d'exploitation en dehors des limites du droit d'auteur requi\u00e8rent l'accord \u00e9crit de l'auteur ou du cr\u00e9ateur concern\u00e9. Les t\u00e9l\u00e9chargements et les copies de ce site ne sont autoris\u00e9s que pour un usage priv\u00e9 et non commercial. Dans la mesure o\u00f9 les contenus de ce site n'ont pas \u00e9t\u00e9 cr\u00e9\u00e9s par l'exploitant, les droits d'auteur de tiers sont respect\u00e9s. Les contenus de tiers sont notamment identifi\u00e9s comme tels. Si vous deviez n\u00e9anmoins constater une violation des droits d'auteur, nous vous prions de nous en informer. D\u00e8s la prise de connaissance d'une violation de la loi, nous supprimerons imm\u00e9diatement les contenus concern\u00e9s.<br \/><br \/><br \/><strong>Source :<\/strong>\u00a0<a href=\"https:\/\/www.e-recht24.de\/impressum-generator.html\" target=\"_blank\" rel=\"noopener noreferrer\">https:\/\/www.e-recht24.de\/impressum-generator.html<\/a><\/p>\t\t\t\t\t\t\t\t<\/div>\n\t\t\t\t<\/div>\n\t\t\t\t\t<\/div>\n\t\t<\/div>\n\t\t\t\t\t<\/div>\n\t\t<\/section>\n\t\t\t\t<\/div>","protected":false},"excerpt":{"rendered":"<p>Impressum Webseiten Betreiber Angaben gem\u00e4\u00df \u00a7 5 TMG und \u00a7 55 ABS. 2 RSTV (\u201eImpressumspflicht\u201c)\u00a0Name und Adresse des Webseiten-Betreibers:Schaustellerbetrieb Wollenschlaeger GmbHThilo-Harry WollenschlaegerSeepromenade 9614612 Falkensee Kontaktkan\u00e4le des Webseiten-Betreibers Telefon: +49 (0)3322 42 882 45 Fax: +49 (0)3322 42 341 39 Mobil: +49 (0)163 4000 500 E-Mail: info(at)wollenschlaeger-berlin.de Web: www.wintermarkt-schlossplatz.de Post: Seepromenade 96 \u202214612 Falkensee Weitere Angaben &#8230;<\/p>","protected":false},"author":1,"featured_media":0,"parent":0,"menu_order":0,"comment_status":"closed","ping_status":"closed","template":"template-wide-content.php","meta":{"patiotime_single_page_hide_site_header":"","patiotime_single_page_site_header_source":"","patiotime_single_page_custom_site_header":"0","patiotime_single_page_custom_sticky_site_header":"0","patiotime_single_page_custom_page_title_margin_top_source":"","patiotime_single_page_custom_page_title_desktop_margin_top":"","patiotime_single_page_custom_page_title_tablet_margin_top":"","patiotime_single_page_custom_page_title_mobile_margin_top":"","patiotime_single_page_hide_page_title":"on","patiotime_single_page_header_section_size":"","patiotime_single_page_header_background_color":"","patiotime_single_page_header_background_position_x":"center","patiotime_single_page_header_background_position_y":"center","patiotime_single_page_header_background_size":"cover","patiotime_single_page_header_background_repeat":"off","patiotime_single_page_header_background_scroll":"on","patiotime_single_page_header_text_color":"","patiotime_single_page_header_show_breadcrumb":"","patiotime_single_page_site_footer_hide_main":"","patiotime_single_custom_site_footer_main_source":"","patiotime_single_custom_site_footer_main":"0","patiotime_single_page_site_footer_hide_above":"on","patiotime_single_custom_site_footer_above_source":"","patiotime_single_custom_site_footer_above":"0","patiotime_single_page_site_footer_hide_instagram":"","patiotime_single_page_site_footer_hide_bottom":"","patiotime_single_custom_mobile_menu_source":"","patiotime_single_custom_mobile_menu":"0","patiotime_single_custom_mobile_menu_animation":"","patiotime_single_custom_mobile_menu_width":"","patiotime_single_custom_mobile_menu_custom_width":375,"footnotes":""},"class_list":["post-7106","page","type-page","status-publish","hentry"],"_links":{"self":[{"href":"https:\/\/wintermarkt-schlossplatz.de\/fr\/wp-json\/wp\/v2\/pages\/7106","targetHints":{"allow":["GET"]}}],"collection":[{"href":"https:\/\/wintermarkt-schlossplatz.de\/fr\/wp-json\/wp\/v2\/pages"}],"about":[{"href":"https:\/\/wintermarkt-schlossplatz.de\/fr\/wp-json\/wp\/v2\/types\/page"}],"author":[{"embeddable":true,"href":"https:\/\/wintermarkt-schlossplatz.de\/fr\/wp-json\/wp\/v2\/users\/1"}],"replies":[{"embeddable":true,"href":"https:\/\/wintermarkt-schlossplatz.de\/fr\/wp-json\/wp\/v2\/comments?post=7106"}],"version-history":[{"count":0,"href":"https:\/\/wintermarkt-schlossplatz.de\/fr\/wp-json\/wp\/v2\/pages\/7106\/revisions"}],"wp:attachment":[{"href":"https:\/\/wintermarkt-schlossplatz.de\/fr\/wp-json\/wp\/v2\/media?parent=7106"}],"curies":[{"name":"wp","href":"https:\/\/api.w.org\/{rel}","templated":true}]}}

Mentions légales

<div data-elementor-type="wp-page" data-elementor-id="7106" class="elementor elementor-7106">
						<section class="elementor-section elementor-top-section elementor-element elementor-element-22919a6e pt-section-content-fullwidth pt_scroll_y_150 pt-parallax-on-scroll elementor-section-boxed elementor-section-height-default elementor-section-height-default" data-id="22919a6e" data-element_type="section" data-e-type="section" data-settings="{&quot;background_background&quot;:&quot;classic&quot;}" data-pt-parallax-y="150" style="background-image: none;" data-pt-background-image="https://wintermarkt-schlossplatz.de/wp-content/uploads/2023/10/wintermarkt01.webp">
							<div class="elementor-background-overlay"></div>
							<div class="elementor-container elementor-column-gap-no">
					<div class="elementor-column elementor-col-100 elementor-top-column elementor-element elementor-element-506879d8 dark-color" data-id="506879d8" data-element_type="column" data-e-type="column">
			<div class="elementor-widget-wrap elementor-element-populated">
						<div class="elementor-element elementor-element-78737567 elementor-widget elementor-widget-pt_title" data-id="78737567" data-element_type="widget" data-e-type="widget" data-widget_type="pt_title.default">
				<div class="elementor-widget-container">
					
        <div class="pt-title-wrap text-center">	            <h1 class="pt-title">
	                Mentions légales	            </h1>        </div>				</div>
				</div>
					</div>
		</div>
					</div>
		</section>
				<section class="elementor-section elementor-top-section elementor-element elementor-element-52fd65fb elementor-section-boxed elementor-section-height-default elementor-section-height-default elementor-invisible" data-id="52fd65fb" data-element_type="section" data-e-type="section" data-settings="{&quot;background_background&quot;:&quot;classic&quot;,&quot;animation&quot;:&quot;fadeInUp&quot;}">
						<div class="elementor-container elementor-column-gap-no">
					<div class="elementor-column elementor-col-50 elementor-top-column elementor-element elementor-element-181a9750" data-id="181a9750" data-element_type="column" data-e-type="column">
			<div class="elementor-widget-wrap elementor-element-populated">
						<div class="elementor-element elementor-element-57676d8 elementor-widget elementor-widget-pt_title" data-id="57676d8" data-element_type="widget" data-e-type="widget" data-widget_type="pt_title.default">
				<div class="elementor-widget-container">
					
        <div class="pt-title-wrap text-left-mobile text-center-tablet">	            <h6 class="pt-title">
	                Opérateurs de sites web	            </h6>	            <div class="pt-title-text">
	                <p><b>Informations selon § 5 TMG et § 55 ABS. 2 RSTV („obligation de mentions légales“)</b><br /> Nom et adresse de l'exploitant du site web :<br />Entreprise foraine Wollenschlaeger GmbH<br />Thilo-Harry Wollenschlaeger<br />Promenade du lac 96<br />14612 Falkensee</p><p><b>Canaux de contact du propriétaire du site web</b></p><ul><li>Téléphone : +49 (0)3322 42 882 45</li><li>Télécopieur : +49 (0)3322 42 341 39</li><li>Mobile : +49 (0)163 4000 500</li><li>E-mail : info(at)wollenschlaeger-berlin.de</li><li>Web : www.wintermarkt-schlossplatz.de</li><li>Poste : Seepromenade 96 -<br />14612 Falkensee</li></ul>	            </div>        </div>				</div>
				</div>
					</div>
		</div>
				<div class="elementor-column elementor-col-50 elementor-top-column elementor-element elementor-element-8561d51" data-id="8561d51" data-element_type="column" data-e-type="column">
			<div class="elementor-widget-wrap elementor-element-populated">
						<div class="elementor-element elementor-element-8423eaa elementor-widget elementor-widget-pt_title" data-id="8423eaa" data-element_type="widget" data-e-type="widget" data-widget_type="pt_title.default">
				<div class="elementor-widget-container">
					
        <div class="pt-title-wrap text-left-mobile text-center-tablet">	            <h6 class="pt-title">
	                Plus de détails	            </h6>	            <div class="pt-title-text">
	                <ul><li><strong>N° de TVA</strong> 053/187/01093</li><li><strong>Registre du commerce :</strong> HRB 6134 Neuruppin</li></ul><p><strong>Informations conformément au règlement de l'UE n° 524/2013 relatif au „règlement en ligne des litiges de consommation“, et conformément au § 36 de la loi allemande sur le règlement des litiges de consommation (VSBG) :<br /></strong>La Commission européenne met à disposition une plateforme de règlement en ligne des litiges (RLL) : <u><a href="http://ec.europa.eu/consumers/odr">http://ec.europa.eu/consumers/odr</a><br /></u>Nous sommes <u>pas</u> n'est pas prêt ou obligé de participer à une procédure de règlement des litiges devant un organisme de conciliation des consommateurs.</p><p>Responsable du contenu selon §55 Abs. 2 RStV<br />L'exploitant du site web mentionné à gauche est également responsable de tous les contenus du site web conformément au § 55, alinéa 2 RStV et est considéré comme responsable de la protection des données conformément à l'art.37 - EU-DSGVO.</p><p><strong>Agence de tutelle :</strong> <a href="https://reich-eventservice.de" target="_blank" rel="noopener">Reich Eventservice</a><br /><strong>Site de production :</strong> <a href="https://steinalt.com" target="_blank" rel="noopener">STEINALT Media</a></p>	            </div>        </div>				</div>
				</div>
					</div>
		</div>
					</div>
		</section>
				<section class="elementor-section elementor-top-section elementor-element elementor-element-bea9968 elementor-section-boxed elementor-section-height-default elementor-section-height-default" data-id="bea9968" data-element_type="section" data-e-type="section">
						<div class="elementor-container elementor-column-gap-default">
					<div class="elementor-column elementor-col-100 elementor-top-column elementor-element elementor-element-e546a48 elementor-invisible" data-id="e546a48" data-element_type="column" data-e-type="column" data-settings="{&quot;animation&quot;:&quot;fadeInUp&quot;,&quot;animation_delay&quot;:200}">
			<div class="elementor-widget-wrap elementor-element-populated">
						<div class="elementor-element elementor-element-4c8e81b elementor-widget elementor-widget-text-editor" data-id="4c8e81b" data-element_type="widget" data-e-type="widget" data-widget_type="text-editor.default">
				<div class="elementor-widget-container">
									<p><strong>Crédit photo</strong><br />122796459, 175335886 @ JackF / 123069737, 126747902, 230097514 @ famveldman / 125077923 @ NikonSteff / 129019174 @ pixarno<br />129263694 @ Ekaterina Pokrovsky / 637006779 @ Keitma / 629612656 @ Maria Aloisi / 599468242, 596165471, 504944988 @ elxeneize<br />620718152 @ VisualProduction / 476207852 @ NDABCREATIVITY / 397800521 @ Edi / 388270498 @ Michele Ursi / 355482824 @ Travelphotos / 306540008 @ sunakri / 304132828 @ Dmitry Naumov<br />239989420 @ danieleorsi / 238454747 @ Roman Babakin / 233527209 @ krugli / 210866617 @ tiana__lima__ / 187254591 @ fcerez / 632098744 @ Irina Schmidt<br />all photos by adobe stock</p><p><strong>Responsabilité pour les liens</strong><br />Notre offre contient des liens vers des sites web externes de tiers, sur le contenu desquels nous n'avons aucune influence. C'est pourquoi nous ne pouvons pas non plus nous porter garants de ces contenus externes. Le fournisseur ou l'exploitant des pages liées est toujours responsable des contenus de ces pages. Les pages liées ont été contrôlées au moment de la création du lien afin de vérifier qu'elles ne présentaient pas d'infraction à la loi. Aucun contenu illégal n'a été identifié au moment de la création du lien. Un contrôle permanent du contenu des pages liées n'est toutefois pas exigible sans indices concrets d'une violation de la loi. Si nous prenons connaissance d'une violation de la loi, nous supprimerons immédiatement les liens concernés.<br /><br /><strong>Responsabilité du contenu</strong><br />En tant que prestataire de services, nous sommes responsables, conformément au § 7 alinéa 1 de la loi allemande sur les télémédias (TMG), de nos propres contenus sur ces pages selon les lois générales. Selon les §§ 8 à 10 de la TMG, nous ne sommes toutefois pas tenus, en tant que prestataire de services, de surveiller les informations externes transmises ou enregistrées ou de rechercher les circonstances qui indiquent une activité illégale. Les obligations de supprimer ou de bloquer l'utilisation d'informations conformément aux lois générales ne sont pas affectées par cette disposition. Une responsabilité à cet égard n'est toutefois possible qu'à partir du moment où une violation concrète de la loi est connue. Dès la prise de connaissance d'une telle violation, nous supprimerons immédiatement les contenus concernés.<br /><br /><strong>Droit d'auteur</strong><br />Les contenus et œuvres créés par les exploitants de ces pages sont soumis au droit d'auteur allemand. La reproduction, le traitement, la diffusion et toute forme d'exploitation en dehors des limites du droit d'auteur requièrent l'accord écrit de l'auteur ou du créateur concerné. Les téléchargements et les copies de ce site ne sont autorisés que pour un usage privé et non commercial. Dans la mesure où les contenus de ce site n'ont pas été créés par l'exploitant, les droits d'auteur de tiers sont respectés. Les contenus de tiers sont notamment identifiés comme tels. Si vous deviez néanmoins constater une violation des droits d'auteur, nous vous prions de nous en informer. Dès la prise de connaissance d'une violation de la loi, nous supprimerons immédiatement les contenus concernés.<br /><br /><br /><strong>Source :</strong> <a href="https://www.e-recht24.de/impressum-generator.html" target="_blank" rel="noopener noreferrer">https://www.e-recht24.de/impressum-generator.html</a></p>								</div>
				</div>
					</div>
		</div>
					</div>
		</section>
				</div>

<p>Impressum Webseiten Betreiber Angaben gemäß § 5 TMG und § 55 ABS. 2 RSTV („Impressumspflicht“) Name und Adresse des Webseiten-Betreibers:Schaustellerbetrieb Wollenschlaeger GmbHThilo-Harry WollenschlaegerSeepromenade 9614612 Falkensee Kontaktkanäle des Webseiten-Betreibers Telefon: +49 (0)3322 42 882 45 Fax: +49 (0)3322 42 341 39 Mobil: +49 (0)163 4000 500 E-Mail: info(at)wollenschlaeger-berlin.de Web: www.wintermarkt-schlossplatz.de Post: Seepromenade 96 •14612 Falkensee Weitere Angaben &#8230;</p>
